{"id":18,"date":"2019-01-27T19:00:31","date_gmt":"2019-01-27T18:00:31","guid":{"rendered":"http:\/\/hv-wahrenholz.ichtys-media.de\/home\/"},"modified":"2020-02-15T18:21:04","modified_gmt":"2020-02-15T17:21:04","slug":"home","status":"publish","type":"page","link":"https:\/\/hv-wahrenholz.de\/","title":{"rendered":"Startseite"},"content":{"rendered":"\r\n<p><span style=\"font-family: arial, helvetica, sans-serif; font-size: 14pt;\"><strong>Herzlich willkommen in Wahrenholz!<\/strong><\/span><\/p>\r\n<p><span style=\"font-family: arial, helvetica, sans-serif;\">\r\n<\/span><\/p>\r\n<p style=\"text-align: justify;\"><span style=\"font-family: arial, helvetica, sans-serif;\"><img loading=\"lazy\" decoding=\"async\" class=\"size-full wp-image-58 alignleft\" src=\"..\/wp-content\/uploads\/2019\/01\/wappen_wahrenholz.jpg\" alt=\"\" width=\"240\" height=\"276\" \/>Im Mai 2009 fanden wir uns mit zahlreichen anderen interessierten und engagierten Wahrenholzern zusammen, um einen Heimatverein zu gr\u00fcnden. Unser vorrangigstes Ziel ist es, den Menschen in unserer Gemeinde ihre Heimat mit all ihren Traditionen und Geschichten nahe zu bringen. Dabei m\u00f6chten wir auch die Ortsteile Betzhorn, Teichgut, Wei\u00dfenberge und Wei\u00dfes Moor mit einschlie\u00dfen.<\/span><\/p>\r\n<p style=\"text-align: justify;\"><span style=\"font-family: arial, helvetica, sans-serif;\">\r\n<\/span><\/p>\r\n<p style=\"text-align: justify;\"><span style=\"font-family: arial, helvetica, sans-serif;\">Informieren Sie sich \u00fcber die K\u00f6pfe, die dahinter stecken und die Grundlagen, auf denen wir arbeiten (\u201eDer Verein&#8220;). Schauen Sie sich unsere bisherigen und zuk\u00fcnftigen Aktivit\u00e4ten an (\u201eVeranstaltungen&#8220;), informieren Sie sich \u00fcber unsere Projekte (&#8222;Arbeitskreise&#8220;) und entdecken Sie die Wahrenholzer Geschichte und Geschichten (\u201eHeimat&#8220;).<\/span><\/p>\r\n<p><span style=\"font-family: arial, helvetica, sans-serif;\">\r\n<\/span><\/p>\r\n<p><span style=\"font-family: arial, helvetica, sans-serif;\">Viel Spa\u00df beim St\u00f6bern und Entdecken w\u00fcnscht<\/span><br \/>\r\n<span style=\"font-family: arial, helvetica, sans-serif;\">der Heimatverein Wahrenholz<\/span><\/p>\r\n<p>&nbsp;<\/p>\r\n<p>&nbsp;<\/p>\r\n<hr \/>\r\n<p><img loading=\"lazy\" decoding=\"async\" class=\"aligncenter\" src=\"..\/images\/bilder\/footer\/footer_bg_default.jpg\" alt=\"\" width=\"1000\" height=\"200\" \/><\/p>\r\n","protected":false},"excerpt":{"rendered":"<p>Herzlich willkommen in Wahrenholz! Im Mai 2009 fanden wir uns mit zahlreichen anderen interessierten und engagierten Wahrenholzern zusammen, um einen Heimatverein zu gr\u00fcnden. Unser vorrangigstes Ziel ist es, den Menschen in unserer Gemeinde ihre Heimat mit all ihren Traditionen und Geschichten nahe zu bringen. Dabei m\u00f6chten wir auch die Ortsteile Betzhorn, Teichgut, Wei\u00dfenberge und Wei\u00dfes<\/p><\/div>\n<div class=\"blog-btn\"><a href=\"https:\/\/hv-wahrenholz.de\/\" class=\"home-blog-btn\">Weiterlesen<\/a><\/p>\n","protected":false},"author":1,"featured_media":0,"parent":0,"menu_order":0,"comment_status":"closed","ping_status":"closed","template":"","meta":{"footnotes":""},"class_list":["post-18","page","type-page","status-publish","hentry"],"_links":{"self":[{"href":"https:\/\/hv-wahrenholz.de\/index.php?rest_route=\/wp\/v2\/pages\/18","targetHints":{"allow":["GET"]}}],"collection":[{"href":"https:\/\/hv-wahrenholz.de\/index.php?rest_route=\/wp\/v2\/pages"}],"about":[{"href":"https:\/\/hv-wahrenholz.de\/index.php?rest_route=\/wp\/v2\/types\/page"}],"author":[{"embeddable":true,"href":"https:\/\/hv-wahrenholz.de\/index.php?rest_route=\/wp\/v2\/users\/1"}],"replies":[{"embeddable":true,"href":"https:\/\/hv-wahrenholz.de\/index.php?rest_route=%2Fwp%2Fv2%2Fcomments&post=18"}],"version-history":[{"count":12,"href":"https:\/\/hv-wahrenholz.de\/index.php?rest_route=\/wp\/v2\/pages\/18\/revisions"}],"predecessor-version":[{"id":59,"href":"https:\/\/hv-wahrenholz.de\/index.php?rest_route=\/wp\/v2\/pages\/18\/revisions\/59"}],"wp:attachment":[{"href":"https:\/\/hv-wahrenholz.de\/index.php?rest_route=%2Fwp%2Fv2%2Fmedia&parent=18"}],"curies":[{"name":"wp","href":"https:\/\/api.w.org\/{rel}","templated":true}]}}